{"id":14,"date":"2020-09-25T08:09:56","date_gmt":"2020-09-25T08:09:56","guid":{"rendered":"http:\/\/www.scsgida.com.tr\/?page_id=14"},"modified":"2021-10-22T12:06:08","modified_gmt":"2021-10-22T12:06:08","slug":"home","status":"publish","type":"page","link":"http:\/\/www.scsgida.com.tr\/","title":{"rendered":"Home"},"content":{"rendered":"\t\t<div data-elementor-type=\"wp-page\" data-elementor-id=\"14\" class=\"elementor elementor-14\" data-elementor-settings=\"[]\">\n\t\t\t\t\t\t\t<div class=\"elementor-section-wrap\">\n\t\t\t\t\t\t\t<section class=\"elementor-section elementor-top-section elementor-element elementor-element-e48a0e4 elementor-section-content-middle elementor-section-boxed elementor-section-height-default elementor-section-height-default\" data-id=\"e48a0e4\" data-element_type=\"section\">\n\t\t\t\t\t\t<div class=\"elementor-container elementor-column-gap-no\">\n\t\t\t\t\t<div class=\"elementor-column elementor-col-100 elementor-top-column elementor-element elementor-element-f37b9ce\" data-id=\"f37b9ce\" data-element_type=\"column\">\n\t\t\t<div class=\"elementor-widget-wrap elementor-element-populated\">\n\t\t\t\t\t\t\t\t<div class=\"elementor-element elementor-element-ce42573 elementor-widget elementor-widget-heading\" data-id=\"ce42573\" data-element_type=\"widget\" data-settings=\"{&quot;_animation_mobile&quot;:&quot;zoomInRight&quot;,&quot;_animation_tablet&quot;:&quot;fadeInLeft&quot;}\" data-widget_type=\"heading.default\">\n\t\t\t\t<div class=\"elementor-widget-container\">\n\t\t\t<h2 class=\"elementor-heading-title elementor-size-default\"><br><br>SCS GIDA olarak yurt d\u0131\u015f\u0131ndaki en kaliteli \u00fcr\u00fcnleri sofralar\u0131n\u0131za getiriyoruz!<\/h2>\t\t<\/div>\n\t\t\t\t<\/div>\n\t\t\t\t\t<\/div>\n\t\t<\/div>\n\t\t\t\t\t\t\t<\/div>\n\t\t<\/section>\n\t\t\t\t<section class=\"elementor-section elementor-top-section elementor-element elementor-element-7e2bb1c elementor-section-boxed elementor-section-height-default elementor-section-height-default\" data-id=\"7e2bb1c\" data-element_type=\"section\" data-settings=\"{&quot;background_background&quot;:&quot;classic&quot;}\">\n\t\t\t\t\t\t<div class=\"elementor-container elementor-column-gap-no\">\n\t\t\t\t\t<div class=\"elementor-column elementor-col-100 elementor-top-column elementor-element elementor-element-48da131\" data-id=\"48da131\" data-element_type=\"column\">\n\t\t\t<div class=\"elementor-widget-wrap elementor-element-populated\">\n\t\t\t\t\t\t\t\t<section class=\"elementor-section elementor-inner-section elementor-element elementor-element-c49515e elementor-section-content-middle elementor-section-boxed elementor-section-height-default elementor-section-height-default\" data-id=\"c49515e\" data-element_type=\"section\">\n\t\t\t\t\t\t<div class=\"elementor-container elementor-column-gap-no\">\n\t\t\t\t\t<div class=\"elementor-column elementor-col-50 elementor-inner-column elementor-element elementor-element-86c3bc1\" data-id=\"86c3bc1\" data-element_type=\"column\" data-settings=\"{&quot;background_background&quot;:&quot;classic&quot;}\">\n\t\t\t<div class=\"elementor-widget-wrap elementor-element-populated\">\n\t\t\t\t\t\t\t\t<div class=\"elementor-element elementor-element-130314b elementor-widget elementor-widget-image\" data-id=\"130314b\" data-element_type=\"widget\" data-widget_type=\"image.default\">\n\t\t\t\t<div class=\"elementor-widget-container\">\n\t\t\t\t\t\t\t\t\t\t\t\t\t\t\t<img width=\"1500\" height=\"1020\" src=\"http:\/\/www.scsgida.com.tr\/wp-content\/uploads\/2021\/09\/indir.jpg\" class=\"attachment-full size-full\" alt=\"\" loading=\"lazy\" srcset=\"http:\/\/www.scsgida.com.tr\/wp-content\/uploads\/2021\/09\/indir.jpg 1500w, http:\/\/www.scsgida.com.tr\/wp-content\/uploads\/2021\/09\/indir-300x204.jpg 300w, http:\/\/www.scsgida.com.tr\/wp-content\/uploads\/2021\/09\/indir-1024x696.jpg 1024w, http:\/\/www.scsgida.com.tr\/wp-content\/uploads\/2021\/09\/indir-768x522.jpg 768w\" sizes=\"(max-width: 1500px) 100vw, 1500px\" \/>\t\t\t\t\t\t\t\t\t\t\t\t\t\t\t<\/div>\n\t\t\t\t<\/div>\n\t\t\t\t\t<\/div>\n\t\t<\/div>\n\t\t\t\t<div class=\"elementor-column elementor-col-50 elementor-inner-column elementor-element elementor-element-ce69111\" data-id=\"ce69111\" data-element_type=\"column\">\n\t\t\t<div class=\"elementor-widget-wrap elementor-element-populated\">\n\t\t\t\t\t\t\t\t<div class=\"elementor-element elementor-element-ba0e8a2 elementor-widget elementor-widget-heading\" data-id=\"ba0e8a2\" data-element_type=\"widget\" data-widget_type=\"heading.default\">\n\t\t\t\t<div class=\"elementor-widget-container\">\n\t\t\t<h6 class=\"elementor-heading-title elementor-size-default\">EN LEZZETL\u0130 YEMEKLER \u0130\u00c7\u0130N<\/h6>\t\t<\/div>\n\t\t\t\t<\/div>\n\t\t\t\t<div class=\"elementor-element elementor-element-1f37567 elementor-widget elementor-widget-heading\" data-id=\"1f37567\" data-element_type=\"widget\" data-widget_type=\"heading.default\">\n\t\t\t\t<div class=\"elementor-widget-container\">\n\t\t\t<h2 class=\"elementor-heading-title elementor-size-default\">Nando's Peri Peri Soslar\u0131<\/h2>\t\t<\/div>\n\t\t\t\t<\/div>\n\t\t\t\t<div class=\"elementor-element elementor-element-a78e864 elementor-widget elementor-widget-text-editor\" data-id=\"a78e864\" data-element_type=\"widget\" data-widget_type=\"text-editor.default\">\n\t\t\t\t<div class=\"elementor-widget-container\">\n\t\t\t\t\t\t\t<p>D\u00fcnyaca \u00dcnl\u00fc Nando&#8217;s restoranlar\u0131n\u0131n \u00fcr\u00fcnlerinde kulland\u0131\u011f\u0131 kendi yap\u0131m\u0131 olan soslar\u0131 art\u0131k bizlerle T\u00fcrkiye&#8217;de!\u00a0<br \/>T\u00fcm d\u00fcnyada olduk\u00e7a talep g\u00f6ren \u00fcr\u00fcnlerin T\u00fcrkiye Distrib\u00fctorl\u00fc\u011f\u00fc&#8217;n\u00fc SCS G\u0131da olarak \u00fcstlenmekteyiz.<\/p>\t\t\t\t\t\t<\/div>\n\t\t\t\t<\/div>\n\t\t\t\t<div class=\"elementor-element elementor-element-51d751d elementor-icon-list--layout-traditional elementor-list-item-link-full_width elementor-widget elementor-widget-icon-list\" data-id=\"51d751d\" data-element_type=\"widget\" data-widget_type=\"icon-list.default\">\n\t\t\t\t<div class=\"elementor-widget-container\">\n\t\t\t\t\t<ul class=\"elementor-icon-list-items\">\n\t\t\t\t\t\t\t<li class=\"elementor-icon-list-item\">\n\t\t\t\t\t\t\t\t\t\t\t<span class=\"elementor-icon-list-icon\">\n\t\t\t\t\t\t\t<i aria-hidden=\"true\" class=\"fas fa-check-circle\"><\/i>\t\t\t\t\t\t<\/span>\n\t\t\t\t\t\t\t\t\t\t<span class=\"elementor-icon-list-text\">Nando's Peri Peri - Ac\u0131 Sos<\/span>\n\t\t\t\t\t\t\t\t\t<\/li>\n\t\t\t\t\t\t\t\t<li class=\"elementor-icon-list-item\">\n\t\t\t\t\t\t\t\t\t\t\t<span class=\"elementor-icon-list-icon\">\n\t\t\t\t\t\t\t<i aria-hidden=\"true\" class=\"fas fa-check-circle\"><\/i>\t\t\t\t\t\t<\/span>\n\t\t\t\t\t\t\t\t\t\t<span class=\"elementor-icon-list-text\">Nando's Peri Peri Orta Ac\u0131l\u0131 - Sar\u0131msakl\u0131 Sos<\/span>\n\t\t\t\t\t\t\t\t\t<\/li>\n\t\t\t\t\t\t\t\t<li class=\"elementor-icon-list-item\">\n\t\t\t\t\t\t\t\t\t\t\t<span class=\"elementor-icon-list-icon\">\n\t\t\t\t\t\t\t<i aria-hidden=\"true\" class=\"fas fa-check-circle\"><\/i>\t\t\t\t\t\t<\/span>\n\t\t\t\t\t\t\t\t\t\t<span class=\"elementor-icon-list-text\">Nando's Peri Peri - Orta Ac\u0131<\/span>\n\t\t\t\t\t\t\t\t\t<\/li>\n\t\t\t\t\t\t<\/ul>\n\t\t\t\t<\/div>\n\t\t\t\t<\/div>\n\t\t\t\t\t<\/div>\n\t\t<\/div>\n\t\t\t\t\t\t\t<\/div>\n\t\t<\/section>\n\t\t\t\t<section class=\"elementor-section elementor-inner-section elementor-element elementor-element-c3f1258 elementor-section-content-middle elementor-section-boxed elementor-section-height-default elementor-section-height-default\" data-id=\"c3f1258\" data-element_type=\"section\">\n\t\t\t\t\t\t<div class=\"elementor-container elementor-column-gap-no\">\n\t\t\t\t\t<div class=\"elementor-column elementor-col-100 elementor-inner-column elementor-element elementor-element-25451e8\" data-id=\"25451e8\" data-element_type=\"column\">\n\t\t\t<div class=\"elementor-widget-wrap elementor-element-populated\">\n\t\t\t\t\t\t\t\t<div class=\"elementor-element elementor-element-c08461e elementor-widget elementor-widget-heading\" data-id=\"c08461e\" data-element_type=\"widget\" data-widget_type=\"heading.default\">\n\t\t\t\t<div class=\"elementor-widget-container\">\n\t\t\t<h2 class=\"elementor-heading-title elementor-size-default\">Primula Cheese<\/h2>\t\t<\/div>\n\t\t\t\t<\/div>\n\t\t\t\t<div class=\"elementor-element elementor-element-7a4d4f3 elementor-widget elementor-widget-image\" data-id=\"7a4d4f3\" data-element_type=\"widget\" data-widget_type=\"image.default\">\n\t\t\t\t<div class=\"elementor-widget-container\">\n\t\t\t\t\t\t\t\t\t\t\t\t<figure class=\"wp-caption\">\n\t\t\t\t\t\t\t\t\t\t<img width=\"540\" height=\"540\" src=\"http:\/\/www.scsgida.com.tr\/wp-content\/uploads\/2021\/09\/snapshotimagehandler_169641087.jpeg\" class=\"attachment-full size-full\" alt=\"\" loading=\"lazy\" srcset=\"http:\/\/www.scsgida.com.tr\/wp-content\/uploads\/2021\/09\/snapshotimagehandler_169641087.jpeg 540w, http:\/\/www.scsgida.com.tr\/wp-content\/uploads\/2021\/09\/snapshotimagehandler_169641087-300x300.jpeg 300w, http:\/\/www.scsgida.com.tr\/wp-content\/uploads\/2021\/09\/snapshotimagehandler_169641087-150x150.jpeg 150w\" sizes=\"(max-width: 540px) 100vw, 540px\" \/>\t\t\t\t\t\t\t\t\t\t\t<figcaption class=\"widget-image-caption wp-caption-text\"><\/figcaption>\n\t\t\t\t\t\t\t\t\t\t<\/figure>\n\t\t\t\t\t\t\t\t\t<\/div>\n\t\t\t\t<\/div>\n\t\t\t\t<div class=\"elementor-element elementor-element-de13646 elementor-widget elementor-widget-text-editor\" data-id=\"de13646\" data-element_type=\"widget\" data-widget_type=\"text-editor.default\">\n\t\t\t\t<div class=\"elementor-widget-container\">\n\t\t\t\t\t\t\t<p>\u00a0<\/p><p><span style=\"font-style: inherit; font-weight: inherit; color: var(--ast-global-color-3);\">1<\/span><span style=\"font-style: inherit; font-weight: inherit; color: var(--ast-global-color-3);\">924 y\u0131l\u0131ndan beri peynirin bir\u00e7ok \u00e7e\u015fidiyle peynir alan\u0131nda<\/span><\/p><p><span style=\"color: var(--ast-global-color-3); font-style: inherit; font-weight: inherit;\">farkl\u0131 bir konumda olan Primula Cheese markas\u0131n\u0131n T\u00fcrkiye distrib\u00fct\u00f6rl\u00fc\u011f\u00fcn\u00fc yap\u0131yor ve Primula Cheese lezzetlerini <\/span><span style=\"color: var(--ast-global-color-3); font-style: inherit; font-weight: inherit;\">sizlerle bulu\u015fturuyoruz.\u00a0<\/span><\/p><p><strong>\u00c7ok yak\u0131nda t\u00fcm \u00e7e\u015fitleriyle \u00e7e\u015fitli ma\u011fazalarda!<\/strong><\/p>\t\t\t\t\t\t<\/div>\n\t\t\t\t<\/div>\n\t\t\t\t\t<\/div>\n\t\t<\/div>\n\t\t\t\t\t\t\t<\/div>\n\t\t<\/section>\n\t\t\t\t\t<\/div>\n\t\t<\/div>\n\t\t\t\t\t\t\t<\/div>\n\t\t<\/section>\n\t\t\t\t\t\t<\/div>\n\t\t\t\t\t<\/div>\n\t\t","protected":false},"excerpt":{"rendered":"<p>SCS GIDA olarak yurt d\u0131\u015f\u0131ndaki en kaliteli \u00fcr\u00fcnleri sofralar\u0131n\u0131za getiriyoruz! EN LEZZETL\u0130 YEMEKLER \u0130\u00c7\u0130N Nando&#8217;s Peri Peri Soslar\u0131 D\u00fcnyaca \u00dcnl\u00fc Nando&#8217;s restoranlar\u0131n\u0131n \u00fcr\u00fcnlerinde kulland\u0131\u011f\u0131 kendi yap\u0131m\u0131 olan soslar\u0131 art\u0131k bizlerle T\u00fcrkiye&#8217;de!\u00a0T\u00fcm d\u00fcnyada olduk\u00e7a talep g\u00f6ren \u00fcr\u00fcnlerin T\u00fcrkiye Distrib\u00fctorl\u00fc\u011f\u00fc&#8217;n\u00fc SCS G\u0131da olarak \u00fcstlenmekteyiz. Nando&#8217;s Peri Peri &#8211; Ac\u0131 Sos Nando&#8217;s Peri Peri Orta Ac\u0131l\u0131 &#8211; Sar\u0131msakl\u0131 &hellip;<\/p>\n<p class=\"read-more\"> <a class=\"\" href=\"http:\/\/www.scsgida.com.tr\/\"> <span class=\"screen-reader-text\">Home<\/span> Devam\u0131 &raquo;<\/a><\/p>\n","protected":false},"author":1,"featured_media":0,"parent":0,"menu_order":0,"comment_status":"closed","ping_status":"closed","template":"","meta":[],"_links":{"self":[{"href":"http:\/\/www.scsgida.com.tr\/index.php?rest_route=\/wp\/v2\/pages\/14"}],"collection":[{"href":"http:\/\/www.scsgida.com.tr\/index.php?rest_route=\/wp\/v2\/pages"}],"about":[{"href":"http:\/\/www.scsgida.com.tr\/index.php?rest_route=\/wp\/v2\/types\/page"}],"author":[{"embeddable":true,"href":"http:\/\/www.scsgida.com.tr\/index.php?rest_route=\/wp\/v2\/users\/1"}],"replies":[{"embeddable":true,"href":"http:\/\/www.scsgida.com.tr\/index.php?rest_route=%2Fwp%2Fv2%2Fcomments&post=14"}],"version-history":[{"count":108,"href":"http:\/\/www.scsgida.com.tr\/index.php?rest_route=\/wp\/v2\/pages\/14\/revisions"}],"predecessor-version":[{"id":522,"href":"http:\/\/www.scsgida.com.tr\/index.php?rest_route=\/wp\/v2\/pages\/14\/revisions\/522"}],"wp:attachment":[{"href":"http:\/\/www.scsgida.com.tr\/index.php?rest_route=%2Fwp%2Fv2%2Fmedia&parent=14"}],"curies":[{"name":"wp","href":"https:\/\/api.w.org\/{rel}","templated":true}]}}